e units digit of 2989?
9
What is the tens digit of 10304?
0
What is the tens digit of 1429?
2
What is the hundreds digit of 27070?
0
What is the hundreds digit of 6924?
9
What is the hundreds digit of 178?
1
What is the hundreds digit of 1210?
2
What is the units digit of 1255?
5
What is the tens digit of 313?
1
What is the hundreds digit of 16633?
6
What is the hundreds digit of 23968?
9
What is the units digit of 912?
2
What is the hundreds digit of 17685?
6
What is the tens digit of 14426?
2
What is the thousands digit of 4634?
4
What is the thousands digit of 2962?
2
What is the tens digit of 3864?
6
What is the hundreds digit of 4939?
9
What is the ten thousands digit of 45668?
4
What is the thousands digit of 7113?
7
What is the ten thousands digit of 47470?
4
What is the thousands digit of 1554?
1
What is the ten thousands digit of 86144?
8
What is the tens digit of 864?
6
What is the hundred thousands digit of 119223?
1
What is the units digit of 105?
5
What is the ten thousands digit of 17360?
1
What is the units digit of 272?
2
What is the hundreds digit of 210?
2
What is the units digit of 2996?
6
What is the hundreds digit of 44364?
3
What is the units digit of 8568?
8
What is the units digit of 182?
2
What is the hundreds digit of 2711?
7
What is the units digit of 311?
1
What is the units digit of 1186?
6
What is the hundreds digit of 1580?
5
What is the thousands digit of 2746?
2
What is the thousands digit of 29429?
9
What is the hundreds digit of 17013?
0
What is the hundreds digit of 386?
3
What is the hundreds digit of 5419?
4
What is the thousands digit of 1624?
1
What is the tens digit of 46946?
4
What is the hundreds digit of 1372?
3
What is the hundreds digit of 2898?
8
What is the hundreds digit of 430?
4
What is the units digit of 208?
8
What is the hundreds digit of 15687?
6
What is the thousands digit of 4537?
4
What is the units digit of 126767?
7
What is the tens digit of 58245?
4
What is the thousands digit of 9464?
9
What is the thousands digit of 26511?
6
What is the tens digit of 2870?
7
What is the units digit of 7824?
4
What is the tens digit of 72521?
2
What is the tens digit of 577?
7
What is the tens digit of 804?
0
What is the units digit of 13262?
2
What is the thousands digit of 37681?
7
What is the hundreds digit of 984?
9
What is the units digit of 263?
3
What is the units digit of 122818?
8
What is the tens digit of 9900?
0
What is the units digit of 36?
6
What is the tens digit of 3726?
2
What is the ten thousands digit of 82740?
8
What is the thousands digit of 1343?
1
What is the units digit of 248?
8
What is the tens digit of 155074?
7
What is the ten thousands digit of 13812?
1
What is the thousands digit of 36861?
6
What is the thousands digit of 21347?
1
What is the hundreds digit of 13848?
8
What is the tens digit of 45?
4
What is the hundreds digit of 38119?
1
What is the units digit of 1029?
9
What is the ten thousands digit of 31711?
3
What is the hundreds digit of 124373?
3
What is the tens digit of 1074?
7
What is the ten thousands digit of 121775?
2
What is the ten thousands digit of 23818?
2
What is the hundreds digit of 8584?
5
What is the hundreds digit of 652?
6
What is the tens digit of 4842?
4
What is the hundreds digit of 40064?
0
What is the thousands digit of 5157?
5
What is the units digit of 9555?
5
What is the units digit of 10?
0
What is the hundreds digit of 24920?
9
What is the ten thousands digit of 39100?
3
What is the thousands digit of 5776?
5
What is the thousands digit of 9969?
9
What is the units digit of 999?
9
What is the thousands digit of 7267?
7
What is the units digit of 8050?
0
What is the hundreds digit of 139019?
0
What is the thousands digit of 1069?
1
What is the hundreds digit of 167370?
3
What is the units digit of 52972?
2
What is the tens digit of 431?
3
What is the tens digit of 617?
1
What is the ten thousands digit of 97423?
9
What is the hundreds digit of 4587?
5
What is the hundreds digit of 3229?
2
What is the tens digit of 3451?
5
What is the tens digit of 2892?
9
What is the hundreds digit of 84415?
4
What is the units digit of 17478?
8
What is the tens digit of 135055?
5
What is the hundreds digit of 7153?
1
What is the ten thousands digit of 87677?
8
What is the hundreds digit of 4553?
5
What is the tens digit of 3633?
3
What is the hundreds digit of 1640?
6
What is the units digit of 12?
2
What is the hundreds digit of 37843?
8
What is the ten thousands digit of 20204?
2
What is the units digit of 2306?
6
What is the hundreds digit of 258?
2
What is the tens digit of 47671?
7
What is the thousands digit of 92275?
2
What is the hundred thousands digit of 117533?
1
What is the units digit of 31682?
2
What is the units digit of 128905?
5
What is the units digit of 9175?
5
What is the hundreds digit of 4248?
2
What is the units digit of 932?
2
What is the tens digit of 311?
1
What is the units digit of 839?
9
What is the hundreds digit of 3632?
6
What is the hundred thousands digit of 133717?
1
What is the tens digit of 90340?
4
What is the hundreds digit of 381?
3
What is the tens digit of 11248?
4
What is the tens digit of 732?
3
What is the thousands digit of 9368?
9
What is the ten thousands digit of 28753?
2
What is the units digit of 1928?
8
What is the tens digit of 57?
5
What is the hundreds digit of 1411?
4
What is the hundreds digit of 1533?
5
What is the ten thousands digit of 27903?
2
What is the hundreds digit of 172?
1
What is the tens digit of 6678?
7
What is the thousands digit of 1811?
1
What is the units digit of 183620?
0
What is the units digit of 6509?
9
What is the units digit of 441?
1
What is the tens digit of 21374?
7
What is the hundreds digit of 27244?
2
What is the hundreds digit of 32874?
8
What is the tens digit of 608?
0
What is the hundreds digit of 10435?
4
What is the tens digit of 1437?
3
What is the tens digit of 221?
2
What is the units digit of 19543?
3
What is the tens digit of 4207?
0
What is the ten thousands digit of 52102?
5
What is the units digit of 302?
2
What is the hundreds digit of 5650?
6
What is the hundreds digit of 1030?
0
What is the hundreds digit of 1336?
3
What is the hundreds digit of 70980?
9
What is the units digit of 361?
1
What is the hundreds digit of 3058?
0
What is the thousands digit of 19498?
9
What is the thousands digit of 1331?
1
What is the hundreds digit of 10574?
5
What is the hundreds digit of 20719?
7
What is the units digit of 5712?
2
What is the units digit of 1960?
0
What is the thousands digit of 3975?
3
What is the hundreds digit of 1102?
1
What is the units digit of 1488?
8
What is the thousands digit of 133946?
3
What is the hundreds digit of 8767?
7
What is the thousands digit of 8034?
8
What is the hundreds digit of 92381?
3
What is the hundreds digit of 1348?
3
What is the ten thousands digit of 44345?
4
What is the units digit of 1234?
4
What is the ten thousands digit of 50343?
5
What is the tens digit of 667?
6
What is the hundreds digit of 702?
7
What is the tens digit of 5926?
2
What is the tens digit of 798?
9
What is the ten thousands digit of 17238?
1
What is the ten thousands digit of 132064?
3
What is the thousands digit of 1075?
1
What is the hundreds digit of 1036?
0
What is the tens digit of 18951?
5
What is the units digit of 13877?
7
What is the units digit of 3815?
5
What is the units digit of 3344?
4
What is the units digit of 91055?
5
What is the units digit of 315?
5
What is the thousands digit of 9118?
9
What is the thousands digit of 53565?
3
What is the hundreds digit of 2085?
0
What is the hundreds digit of 4886?
8
What is the hundreds digit of 6088?
0
What is the hundreds digit of 20718?
7
What is the thousands digit of 2863?
2
What is the units digit of 414?
4
What is the hundreds digit of 49005?
0
What is the units digit of 1?
1
What is the units digit of 9631?
1
What is the tens digit of 48?
4
What is the tens digit of 1660?
6
What is the hundreds digit of 1283?
2
What is the hundreds digit of 3799?
7
What is the tens digit of 2791?
9
What is the thousands digit of 3970?
3
What is the units digit of 106905?
5
What is the hundreds digit of 15407?
4
What is the thousands digit of 39564?
9
What is the hundreds digit of 4913?
9
What